+ 4*t + 108. Suppose 6 - w = -2*s. List the prime factors of s.
11
Suppose 0 = -3*p + 4*p - 2. Let d be (28/21)/(p/33). Suppose a - d = -a. What are the prime factors of a?
11
Suppose -78 + 14 = -l. What are the prime factors of l?
2
Suppose 2*g - 98 = -x, -g + 252 = 4*g - x. Suppose -g = -2*c + j, 0*c - 28 = -c + 2*j. What are the prime factors of c?
2, 3
Let x(j) = -j**3 - 5*j**2 - 5*j + 1. Let r be x(-4). Let h be 2/(-3)*(-12 + -3). Suppose i - r*s = -h, -3*s + 1 = -8. What are the prime factors of i?
5
Let d(o) = o**3 - 8*o**2 + 8*o + 10. Let g be d(8). Let q be g/6 + 3/(-9). List the prime factors of 81/q - (-2)/8.
7
Let r be (0 - (-1 + 3))*-1. Let i be (-2)/(-3) - r/(-6). Suppose b + i = 3. What are the prime factors of b?
2
Let k = 36 - -99. What are the prime factors of k?
3, 5
What are the prime factors of (-32944)/(-96) + (2 - 1)/(-6)?
7
Let t(g) = 2*g**2 - 27*g + 103. What are the prime factors of t(20)?
3, 11
Suppose 5*r = -6 + 76. Suppose -r = 4*w - 2*w. Let p = w - -18. List the prime factors of p.
11
Let f = -19 - -49. What are the prime factors of f?
2, 3, 5
Let m(s) = -3*s - 2. Suppose 0*b = 4*b - c + 19, b - 3*c = -2. What are the prime factors of m(b)?
13
Let w be (-4)/(-5)*(18 + -8). Let t = -4 + w. What are the prime factors of t?
2
Let l(z) = -2*z**3 + 2*z**2 - z - 2. Suppose -4 - 4 = -4*a. Let q be l(a). Let r = 21 + q. What are the prime factors of r?
3
Let u(z) = -z**2 + 5*z - 4. Let c be u(4). What are the prime factors of (3 - 4)*c - -4?
2
Let y be (2/(-6))/(13/(-1989)). Let v = y + -31. What are the prime factors of v?
2, 5
What are the prime factors of 0/4 + 2 + 30?
2
Let f be (0 + (0 - -1))/(-1). List the prime factors of (-4)/f*(-9)/(-6).
2, 3
Let a(f) = f**2 - 4*f + 3. Let p be a(4). Suppose -p*k + 4*h + 83 = 0, 0 = -5*k + 7*h - 4*h + 142. What are the prime factors of k?
29
Let f = -60 - -114. List the prime factors of f.
2, 3
Let q = -3 + 10. Suppose -q*i + 20 = -2*i. List the prime factors of i.
2
Let m(l) = 3*l - 38. Let x(p) = -2*p + 25. Let u(j) = -5*m(j) - 7*x(j). What are the prime factors of u(0)?
3, 5
Let v(p) = 5*p**2 + 8*p - 4. Suppose -3*r - 30 = 2*r. Let j(w) = -4*w**2 - 8*w + 3. Let k(l) = r*j(l) - 5*v(l). List the prime factors of k(7).
3
Let r be 6/(-9) - 4/(-6). Suppose 0 = -i + d + 1, 4*d + 1 = i - r. What are the prime factors of (i/2)/((-1)/(-6))?
3
Let i = 12 - 6. Let n be (-3)/6 + 231/i. Suppose p = -p + n. List the prime factors of p.
19
Let n be (2 - 3)*(-5 + 2). Suppose 2*o = n*o - 3. List the prime factors of o.
3
Let h be 0*1/(-9)*-3. Suppose 5*t + 2 - 27 = h. What are the prime factors of t?
5
Suppose -m - 15 = 5*j + 5, -4*j - 45 = -5*m. Suppose 5*a - m = 20. List the prime factors of a.
5
Suppose u + 4 = -3*h + 4*h, 16 = 2*u + 4*h. Suppose -c = -2*y + 16, y = 4*c - u*c + 22. List the prime factors of y.
2, 3
Let x(z) = -z**3 - 5*z**2 + 2*z - 5. Let s(u) = -u**3 - 5*u**2 - 4*u - 6. Let v be s(-4). List the prime factors of x(v).
19
Let h = 1 - 0. What are the prime factors of 3 - (-2)/((-2)/h)?
2
Let j(o) = o**2 - 2*o + 3. Let p(g) = g + 5. Let z be p(4). Let n = z - 5. List the prime factors of j(n).
11
Let h = 1 + -1. Suppose h = -f + 3 - 1. List the prime factors of f.
2
Let a(s) = 0*s**2 + 0*s**3 + s**3 - 8*s**2 - 6 + 10*s. Let o be a(7). Suppose 3*i - o = -3*m, -16 = -i + 2*m - 2. What are the prime factors of i?
2
Suppose -2*b = -6 - 14. Let h = b + -3. Suppose 28 = 5*j - h. List the prime factors of j.
7
Let j(q) = q**3 + 2*q + 1. Let x be 4*-1*(-3)/6. What are the prime factors of j(x)?
13
Let j(f) = f**2 - 3*f - 5. Let v be j(5). Suppose -v*l - 25 = -2*a + 43, 3*l + 122 = 4*a. What are the prime factors of a?
29
Suppose -4*q + 9 = -q. Suppose -q*w = 2*t - 0*w - 70, 3*t + 2*w = 100. What are the prime factors of t?
2
Suppose 0 = -2*a - 0*a - 2. Let b be 3 - (-2 + (a - 22)). Suppose -4*v - b = -6*v. List the prime factors of v.
2, 7
Let a be (1 + -5)*(-9)/12. List the prime factors of a - (-41 + 3) - -1.
2, 3, 7
Suppose 2*g + 14 = 3*g. Let w = g + 6. List the prime factors of w.
2, 5
Suppose -w + 5*a - 4*a = -4, -4*w = 3*a + 12. Suppose -9 = -3*h - 3. Suppose -h*n + 6 - 2 = w. List the prime factors of n.
2
Let x = 34 + 3. What are the prime factors of x?
37
Let h be (10 - 1) + 4 + -4. What are the prime factors of (-3)/h + 52/12?
2
Suppose -10*y - 51 = -13*y. List the prime factors of y.
17
Let w = 20 + -17. What are the prime factors of w?
3
Let h be 2 + 381/(2 - -1). Let u be h/9 - (-2)/3. Let j = 1 + u. What are the prime factors of j?
2
Let k(c) = 5*c**3 - 7*c**2 - 1. Let g(q) = 3*q**3 - 5*q**2 - 1. Let o(d) = -8*g(d) + 5*k(d). What are the prime factors of o(-4)?
19
Let c be ((-2)/3)/((-8)/36). Suppose -3*s - 2*m = -13, -c*m = 4*s - 15 - 4. Suppose -2*j + 4*n - 3 + s = 0, -3*n = 3*j - 15. What are the prime factors of j?
3
Let b(y) = y**2 + y - 2. Let q be b(0). Let n = q - -4. Suppose -4*f + 6 = -n. What are the prime factors of f?
2
Let u(m) = m - 1. Let x(t) = t**3 - 4*t**2 - 5*t. Let p be x(5). Suppose -4*q - 3*f + 16 = 0, 5*f - 2*f = p. List the prime factors of u(q).
3
Suppose 3*p = -p. Suppose p = -2*x + 37 - 5. List the prime factors of x.
2
Let p(d) = -d + 7. Let y be p(7). Suppose 4 = -3*g + 4*c, 0 = -g - 2*c - y*c - 8. Let n(r) = -2*r - 3. List the prime factors of n(g).
5
Let m be (-25)/(-9) - (-4)/18. Suppose -s - m + 5 = 0. Suppose -10 - 8 = -s*l. What are the prime factors of l?
3
Suppose 4*y = v + 15, -3*y = 2*v + 2*v - 35. Suppose 5*k - 2*f = 9 - 0, 4 = -2*k - 3*f. What are the prime factors of ((-1 - v) + k)*-1?
5
Let m(x) = -x**3 - 2*x**2 + 3*x + 2. Let h be m(-3). Suppose y = k - 2, 3*k - 5 + 4 = -h*y. Let l(r) = 9*r. What are the prime factors of l(k)?
3
Let n = 110 - 24. List the prime factors of n.
2, 43
Let k = 0 + -12. Let c(l) = l**3 + 13*l**2 + 9*l - 17. What are the prime factors of c(k)?
19
Let j be 4/(-18) + (-88)/9. Let q be 2*1 - 20/j. Suppose 0*h = -q*h + 48. What are the prime factors of h?
2, 3
Let m(c) be the first derivative of 3*c**4/2 - c**3/3 - 3. Let i be m(1). Suppose -w - 2 = -i*y - 31, 2*y + 76 = 5*w. What are the prime factors of w?
2, 7
Let m(b) = -3*b - 7. Let q be m(-6). Let l = -2 + q. Suppose 5*d - l - 6 = 0. List the prime factors of d.
3
Let p be 5 + (-2 - 0)*1. Suppose p*r + 16 = r. Let x = r - -14. What are the prime factors of x?
2, 3
Let q be 1/(-2 + 17/9). Let n be (-2)/q - 43/(-9). Let r = 11 - n. What are the prime factors of r?
2, 3
Suppose -5*h + 4 = -11. Suppose -3*y - 27 = -5*y - h*m, 4*m = 12. List the prime factors of y.
3
Let p(t) = 3*t**3 + t**2 - t. Let n be p(1). Let r(l) = -4*l + 12*l**2 + n*l + 1 + l. List the prime factors of r(-1).
13
Let d = 17 + -13. Suppose -54 = -d*i + 74. List the prime factors of i.
2
Suppose -19 = -y + 3. What are the prime factors of y?
2, 11
What are the prime factors of -2 + 30/6 + 240?
3
Suppose 0 = 3*y - 0 + 3. Let b = y + 3. Suppose b*s = -3*g + 3, -5*s + 14 + 4 = 4*g. What are the prime factors of s?
2, 3
Let y be 3/2 + 36/8. List the prime factors of (56/12)/(4/y).
7
Let v = 27 + -9. Let t = -13 + v. What are the prime factors of t?
5
Suppose 3*j - 6 = 6. Suppose -j*a = 21 + 15. Let f(w) = w**2 + 9*w + 9. What are the prime factors of f(a)?
3
Suppose -m + 4*r - 40 = -3*m, -2*m - 2*r + 34 = 0. Suppose 3*y - z - 21 = 0, 0*y - 5*z = -y - 7. Let d = m - y. List the prime factors of d.
2, 3
Let y(k) = k**3 - 12*k**2 - 10. Let r be y(12). Let b = 47 + r. Suppose -5*d = -b - 38. List the prime factors of d.
3, 5
Let x = -16 + 6. Let i be (-2)/(-1)*x/(-4). Suppose -i*y = -3*z - 9, y = 2*z - 4*z + 7. What are the prime factors of y?
3
Let q(p) = -p**2 - 8*p - 3. What are the prime factors of q(-7)?
2
Let a(o) = o - 2. Let k be a(5). Suppose 8 = -2*p - 4. Let z = k - p. List the prime factors of z.
3
Let t = 11 + -8. Suppose 0 = f + h + 20, -4*h + 12 + 13 = -t*f. What are the prime factors of (-230)/f - 2/(-3)?
2
Suppose -4*y + 52 = -140. List the prime factors of y.
2, 3
Let b be 2/(-2) + (0 - -2). Let x(n) = 7*n. What are the prime factors of x(b)?
7
Let f be (-1 - -1)/(0 + 2). Let t be (96 - 1)*(f + 1). Suppose -4*q = -2*a - 70, -3*a + 7*a + t = 5*q. List the prime factors of q.
3, 5
Suppose -4*a = -5*a. Suppose 2*f = -5*u - 69, 2*f - 5*f - 5*u - 96 = a. What are the pr